0
Let c(s) = 3*s + 49. Give c(-25).
-26
Let i(o) = o**3 - 28. Give i(0).
-28
Let f(h) = h**2 - 9*h + 9. Calculate f(8).
1
Let u(q) = -q**3 + 3*q**2 - 12*q + 9. What is u(4)?
-55
Let b(s) = s**3 + 9*s**2 + 5*s - 28. Determine b(-8).
-4
Let u(w) = -2*w**3 - w**2 + 8*w - 2. What is u(3)?
-41
Let k(q) = -4*q**2 + 95*q + 13. Calculate k(24).
-11
Let a(x) = -50*x**2 - x - 1. Determine a(-1).
-50
Let d(w) = w**2 + 2*w - 6. Determine d(-4).
2
Let n(h) = -4*h - 16. Give n(-3).
-4
Let s(y) = y**2 - 10*y + 15. Give s(9).
6
Let n(z) = -4*z. Give n(2).
-8
Let m(z) = 32*z**2 + 63*z - 7. Determine m(-2).
-5
Let f(p) = 70*p + 1541. Give f(-22).
1
Let o(w) = -13*w**3 - 2*w**2 - 2*w - 1. What is o(-1)?
12
Let k(d) = d + 9. Determine k(0).
9
Let v(r) = r**2 - 2*r - 41. What is v(7)?
-6
Let t(q) = -7*q + 46. Give t(15).
-59
Let f(j) = -2*j + 7. Give f(0).
7
Let v(m) = -m**2 + 2*m + 201. What is v(15)?
6
Let i(r) = -2*r**2 - 31*r - 4. What is i(-15)?
11
Let c(q) = -q**3 - 7*q**2 + q + 43. Give c(-7).
36
Let i(b) = 24*b - 46. Give i(2).
2
Let i(k) = 2*k**3 + 17*k**2 + 15*k - 2. What is i(-1)?
-2
Let z(i) = 5*i + 27. Give z(-6).
-3
Let l(q) = 6*q - 12. Determine l(6).
24
Let w(f) = -2*f + 10. What is w(7)?
-4
Let r(f) = -f**2 - 7*f + 2. Calculate r(-7).
2
Let c(j) = 2*j**2 + 42*j - 37. Give c(-22).
7
Let b(r) = r + 10. Give b(4).
14
Let r(n) = -3*n - 33. Give r(-8).
-9
Let a(p) = p + 12. What is a(-9)?
3
Let u(r) = -2*r - 1. Calculate u(-12).
23
Let i(h) = h**3 - 27*h**2 + 110*h + 3. Determine i(22).
3
Let h(v) = -v**2 - 9*v + 86. Give h(5).
16
Let r(u) = 4*u - 78. Give r(20).
2
Let q(c) = 3*c - 5. Calculate q(5).
10
Let j(f) = f**2 + f - 6. Calculate j(3).
6
Let d(o) = 13*o**2 + 61*o - 4. Calculate d(-5).
16
Let s(u) = -u + 2. What is s(2)?
0
Let k(f) = 2*f**2 - 68*f - 217. What is k(-3)?
5
Let z(q) = 5*q**3 + 2*q**2 + 2*q + 1. Give z(-1).
-4
Let u(r) = 10*r + 1. Calculate u(-1).
-9
Let k(h) = h**2 + 15*h + 52. What is k(-8)?
-4
Let s(p) = 72*p + 1516. Give s(-21).
4
Let y(c) = c - 33. What is y(11)?
-22
Let h(m) = 22*m + 87. What is h(-4)?
-1
Let k(m) = 3*m + 34. What is k(-12)?
-2
Let p(k) = -k**3 + 12*k**2 + 29*k - 6. What is p(14)?
8
Let r(f) = 5*f**3 + f**2 + 2*f + 1. Calculate r(-1).
-5
Let o(h) = 6*h - 5. Determine o(-2).
-17
Let j(a) = 36*a + 1. Calculate j(1).
37
Let c(g) = -10*g - 31. Determine c(-2).
-11
Let m(u) = u**3 + 24*u**2 - 2*u - 43. Determine m(-24).
5
Let y(j) = 5*j - 114. Calculate y(22).
-4
Let y(s) = -s**3 - 7*s**2 - 14*s - 17. Give y(-5).
3
Let k(v) = v**3 - 35*v**2 - 35*v - 15. What is k(36)?
21
Let k(c) = c**2 + 8*c - 40. What is k(-9)?
-31
Let w(n) = n**2 - n - 47. Give w(6).
-17
Let o(n) = n**3 - 3*n**2 - 17*n - 1. Determine o(6).
5
Let t(i) = -i**3 - 6*i**2 - 11*i - 8. Give t(-4).
4
Let p(m) = 10*m + 20. Give p(-3).
-10
Let i(o) = o**3 - 8*o**2 - 8*o + 77. Determine i(8).
13
Let q(b) = 5*b - 2. Determine q(8).
38
Let t(a) = -15*a + 77. Determine t(5).
2
Let m(f) = f**2 - 10*f - 34. Calculate m(-4).
22
Let n(b) = b**3 - 3*b**2 - 8*b + 10. Give n(6).
70
Let v(j) = -j**3 - 14*j**2 - 34*j + 36. What is v(-10)?
-24
Let i(z) = 2*z**2 + 13*z - 2. Give i(-7).
5
Let p(o) = 40*o - 67. Give p(1).
-27
Let j(t) = -6*t - 4. Calculate j(-6).
32
Let l(d) = 3*d + 30. What is l(-12)?
-6
Let o(w) = -w**3 - 9*w**2 + 14*w + 2. What is o(-10)?
-38
Let z(o) = 4*o - 1. Determine z(-8).
-33
Let u(c) = -9*c - 10. Determine u(5).
-55
Let n(y) = y**3 - y**2 + 2*y - 4. What is n(2)?
4
Let c(v) = 8*v**2 + 2*v. Calculate c(2).
36
Let r(d) = -4*d + 35. Calculate r(10).
-5
Let f(t) = 2*t**2 - 31*t + 61. Determine f(9).
-56
Let m(x) = x**2 + 2*x - 18. Give m(0).
-18
Let u(f) = -5*f + 13. Determine u(2).
3
Let b(y) = -y**3 - 6*y**2 + 6*y - 3. Determine b(-7).
4
Let t(v) = v**3 + 5*v**2 - 11*v + 17. What is t(-7)?
-4
Let v(g) = g - 3. What is v(-5)?
-8
Let s(r) = -2*r**2 + 11*r - 23. Determine s(5).
-18
Let h(o) = -o**2 + 19*o - 93. Give h(11).
-5
Let b(d) = -d**3 - d**2 + d + 2. Determine b(0).
2
Let t(v) = -2*v**2 + 20*v + 12. What is t(11)?
-10
Let g(m) = -11*m**2 - 3*m. What is g(-2)?
-38
Let k(o) = -o + 33. Determine k(-19).
52
Let z(l) = l + 4. Determine z(-5).
-1
Let l(c) = c**2 + 3*c - 2. Calculate l(4).
26
Let k(c) = -c - 11. What is k(8)?
-19
Let o(j) = j**3 + j**2 - 3*j + 2. What is o(-3)?
-7
Let h(o) = o**3 + 3*o**2 + 2*o - 5. Determine h(-4).
-29
Let y(h) = -2*h - 34. Determine y(-10).
-14
Let t(y) = -y**3 - y**2 - y - 1. Determine t(-1).
0
Let t(m) = 3*m**3 - 3*m**2 + m + 2. Calculate t(-1).
-5
Let v(q) = 7*q + 49. What is v(-8)?
-7
Let h(j) = 4*j**3 + 4*j**2 + 1. Determine h(-3).
-71
Let w(c) = -8*c - 135. Give w(0).
-135
Let i(p) = 4*p - 1. What is i(4)?
15
Let r(s) = -8*s + 211. What is r(27)?
-5
Let l(w) = w**2 + 3*w + 1. What is l(-3)?
1
Let i(s) = -s**3 + 6*s**2 + 9*s - 2. Determine i(6).
52
Let v(w) = 2*w**2 + w + 11. Calculate v(0).
11
Let u(r) = -r + 30. What is u(11)?
19
Let q(h) = 30*h**3 + h**2 + h - 1. Determine q(1).
31
Let x(d) = 2*d + 2. What is x(0)?
2
Let q(a) = 5*a + 13. Give q(-3).
-2
Let s(k) = k**3 - 5*k**2 + k + 12. Give s(3).
-3
Let u(k) = -k**3 + 7*k**2 + 11*k - 20. Calculate u(8).
4
Let p(q) = q**3 + q**2 + q + 2. Give p(-3).
-19
Let z(c) = 6*c**3 - 1. Calculate z(-1).
-7
Let d(i) = -2*i + 9. Calculate d(-4).
17
Let t(d) = d**3 + 7*d**2 + 6*d + 2. What is t(-6)?
2
Let z(c) = -8*c - 38. Determine z(-3).
-14
Let p(o) = -o + 29. Calculate p(5).
24
Let z(t) = t**3 + 6*t**2 + 6*t + 1. Determine z(-5).
-4
Let a(b) = b**2 - 8*b + 13. Calculate a(5).
-2
Let x(u) = -u**2 + 10*u - 5. Calculate x(11).
-16
Let c(y) = -y**2 + 6*y - 7. What is c(6)?
-7
Let i(u) = -54*u - 965. What is i(-18)?
7
Let q(w) = -6*w + 26. Calculate q(8).
-22
Let i(u) = -u**3 - 10*u**2 - 7*u + 9. Determine i(-9).
-9
Let v(f) = -5*f**2 + 2*f + 1. What is v(2)?
-15
Let b(h) = 2*h**3 - 2*h + 7. Calculate b(0).
7
Let k(s) = 20*s**2 + 1. What is k(-1)?
21
Let x(y) = -y**3 + 17*y**2 - 33*y + 77. Give x(15).
32
Let z(x) = -x**3 - 17*x**2 - 27*x + 42. Calculate z(-15).
-3
Let x(b) = -b**3 - 46*b**2 + 45*b - 96. Calculate x(-47).
-2
Let x(i) = 2*i**2 + 62*i - 65. What is x(-32)?
-1
Let y(m) = -m**2 - 19*m - 29. Determine y(-17).
5
Let c(p) = -p + 6. What is c(7)?
-1
Let k(a) = -5*a - 84. What is k(-18)?
6
Let b(t) = -t**3 + 16*t**2 - 14*t - 10. Calculate b(15).
5
Let f(h) = -h**3 - 6*h**2 - 2*h - 6. Determine f(-5).
-21
Let m(x) = x**2 - 18*x + 75. Determine m(8).
-5
Let q(u) = -19*u**2 - u + 4. Determine q(-2).
-70
Let u(o) = 2*o**2 + 27*o - 15. Give u(-14).
-1
Let o(k) = k**2 + 9*k + 26. Give o(-9).
26
Let y(a) = 147*a**3 + a**2 + 2*a + 2. Determine y(-1).
-146
Let a(z) = z**3 - 4*z**2 - 2*z + 3. Give a(4).
-5
Let f(z) = -7*z + 3. Determine f(3).
-18
Let k(q) = -3*q - 19. Calculate k(-6).
-1
Let x(r) = -3*r - 31. What is x(-12)?
5
Let w(p) = 16*p + 61. Calculate w(-9).
-83
Let p(b) = -b**2 - 6. What is p(-6)?
-42
Let t(c) = -2*c**2 - 5*c + 2. What is t(-5)?
-23
Let a(g) = 2*g + 10. Calculate a(-25).
-40
Let x(i) = 3*i - 15. Determine x(5).
0
Let p(b) = -b**3 + 8*b**2 + 7*b + 7. What is p(9)?
-11
Let q(x) = 19*x - 56. Give q(2).
-18
Let m(o) = o**3 - 7*o**2 - 9*o. Give m(8).
-8
Let j(x) = -2*x**3 + x**2 + x - 1. What is j(1)?
-1
Let o(n) = -n**2 + 17*n - 44. What is o(7)?
26
Let z(c) = -c**3 + 16*c**2 - 16*c + 14. Calculate z(15).
-1
Let r(v) = -v + 21. Give r(14).
7
Let b(q) = -q - 3. Give b(11).
-14
Let z(c) = -16*c**2 + 2*c - 1. What is z(-1)?
-19
Let v(r) = -r**2 + 5*r + 21. Give v(6).
15
Let u(h) = -2*h**2 + 6*h + 19. Give u(8).
-61
Let n(p) = -p - 30. Give n(-19).
-11
Let t(j) = -j**2 + j + 9. What is t(-3)?
-3
Let i(t) = -6*t - 3. What is i(0)?
-3
Let i(u) = u**2 + 2*u - 2. Determine i(-3).
1
Let k(x) = 8*x - 16. Calculate k(-5).
-56
Let p(y) = -8*y - 164. What is p(-22)?
12
Let x(l) = 2*l - 24. Give x(16).
8
Let g(j) = j**3 + 6*j**2 - 6. Give g(-7).
-55
Let r(p) = p**2 + 2*p + 42. Calculate r(-10).
122
Let r(f) = -2*f + 10. Give r(-3).
16
Let u(z) = -z + 1. Determine u(0).
1
Let n(t) = t**2 + 54*t + 535. Calculate n(-13).
2
Let f(s) = -s**3 + s**2 - s + 15. Calculate f(0).
15
Let z(y) = -y**2 - 9*y + 13. Give z(-11).
-9
Let y(n) = -2*n - 44. Calculate y(-19).
-6
Let i(t) = t**3 + 14*t**2 + 21*t + 2. What is i(-6)?
164
Let n(a) = a**3 + 7*a**2 - 7*a + 5. Give n(-8).